2. Let m be s(-3). What are the prime factors of (-24)/m + 4/(-2)?
2
Let n = -74 - -15. Let k = -36 - n. What are the prime factors of k?
23
Suppose 3*z - 18 = 138. What are the prime factors of z?
2, 13
Let d be (-4)/(4/3) - -19. Suppose -3*g - 3 = -w - d, 0 = 4*g - 3*w - 24. List the prime factors of g.
3
Suppose -1 = 2*r + 1. Let s be (0 - -1)*r - -2. Suppose -1 = j - u, 2*u - 9 = s. List the prime factors of j.
2
Let a(p) = -p**3 + 17*p**2 - 14*p + 17. What are the prime factors of a(16)?
7
Let l = -93 - -54. Let x = -17 - l. List the prime factors of x.
2, 11
Let a(v) = 4 - 2*v + 0 + v - 2. Let m be a(2). Suppose -3*r + 18 + 40 = o, m = -r + 5*o + 14. What are the prime factors of r?
19
Let f = 85 - 61. Let l = f + -17. List the prime factors of l.
7
Suppose 0 = -5*j - 1 + 31. Let y be (-1)/j + 3/18. List the prime factors of ((-10)/(y + -2))/1.
5
Let m(r) = -5*r + 23. Let g(f) = 2*f - 11. Let q(v) = 9*g(v) + 4*m(v). Let j be q(-6). Suppose 40 + 0 = j*s. What are the prime factors of s?
2
Let q = -6 + 4. Let s(n) = 26*n**2 + 20*n - 1. Let y(u) = -5*u**2 - 4*u. Let p(g) = -2*s(g) - 11*y(g). List the prime factors of p(q).
2, 3
List the prime factors of (-7)/21 - 1190/(-6).
2, 3, 11
Let q = 5 + 3. Suppose q - 38 = -2*g. What are the prime factors of g?
3, 5
Let j = -10 + 14. Suppose -160 = -j*z - 20. What are the prime factors of z?
5, 7
Suppose b + 2*b = 42. List the prime factors of b.
2, 7
Let c(f) be the second derivative of -11*f**3/6 + f**2 + 4*f. Let b be c(-5). Suppose n - b = -2*n. What are the prime factors of n?
19
Suppose f - 2*f = -3*i + 8, 2*f - 5*i = -14. What are the prime factors of (-1)/(f/(-8))*-2?
2
Let t(l) = 3*l - 4*l + 5*l. Let j be (-286)/(-110) - 2/(-5). List the prime factors of t(j).
2, 3
Suppose -2*s = -s + 5. Let t = 30 + s. List the prime factors of t.
5
Suppose -h - 2*h + 54 = 0. What are the prime factors of h?
2, 3
Let k(i) = -i + 5. Let z be k(3). Let v be (-5)/((z - 0)/(-2)). Suppose 14 = v*a - 26. List the prime factors of a.
2
Suppose 5*b = 3*b + 170. List the prime factors of b.
5, 17
Let f = -9 - -14. Suppose 4*a = -f*b - 50, 50 = -2*b - 3*b + a. List the prime factors of 4/10*b/(-2).
2
Let n(j) = j**3 - 3*j**2 + j + 3. Let b be n(3). Let a be (-4)/(3/(3/(-2))). Let z = b - a. What are the prime factors of z?
2
List the prime factors of 0 + -1 - (-12 + -3).
2, 7
Let h = 6 + -18. Let y = h - -23. What are the prime factors of y?
11
Suppose 14*h + 500 = 19*h. What are the prime factors of h?
2, 5
Let b(f) be the first derivative of 1 + 9/2*f**2 + 0*f. List the prime factors of b(1).
3
Suppose -g = -5*j + 6, 3*j - 33 = -2*g - 2*j. Let x = g - 9. Suppose 68 = 4*t - 5*i, -i = -x*i + 4. List the prime factors of t.
2, 3
Suppose 2*y + v - 2*v - 32 = 0, 5*v = 2*y - 40. Suppose 6*i = i + y. Suppose 0 = p + 3, 24 = 4*c - i*p - 13. What are the prime factors of c?
7
Let s = -43 - -36. Let j = -5 - -2. Let m = j - s. What are the prime factors of m?
2
Suppose 4*x + 9 = 57. What are the prime factors of (x/10)/((-4)/(-20))?
2, 3
Suppose 0 = 2*h - 4*x - 40, -5*x - 1 = -h + 2*h. Let y = h - -4. What are the prime factors of y?
2, 3
Let o = 564 + -368. What are the prime factors of o?
2, 7
Let d = 53 - 7. What are the prime factors of d?
2, 23
Suppose 2*q = -4*d + 542, 4*q - 539 = 2*q - d. List the prime factors of q.
269
Let q(x) = 8 - 3*x + 4*x - 1 - 4. Suppose 0 = 2*b - 8 - 0. What are the prime factors of q(b)?
7
Suppose -4*t = -2*t - u + 3, 0 = -5*t - 2*u - 3. Let l = t - -1. Suppose -3*n - 12 + 45 = l. List the prime factors of n.
11
Let w be 4*(-2 - (-14)/8). Let o(x) = x - 1. Let h(m) = 3*m + 6. Let f(i) = -h(i) - 5*o(i). List the prime factors of f(w).
7
Let k = 58 + -33. Suppose 2*w - k + 9 = 0. Suppose -2*x + x - 2*h = -w, 5*x - 3*h = 14. What are the prime factors of x?
2
Let u = 201 - 121. Suppose 197 = 5*y - 4*v, 3*v = 4*y + u - 237. What are the prime factors of y?
37
Let q(k) = 97*k**2 + 3*k**3 + 0*k**3 + 9 - 2*k**3 - 89*k**2 + 8*k. What are the prime factors of q(-5)?
2, 11
Let c = 4 - -7. What are the prime factors of c?
11
Let p be (1 + 0)*2 - 0. Let l be (-54)/(-8) - p/(-8). Suppose 33 = 2*b + l. What are the prime factors of b?
13
Let c = -2 + 4. Suppose c*r = -r + 9. List the prime factors of r.
3
Let c = -113 + 159. List the prime factors of c.
2, 23
Let s be -2 + 35/(2 + -1). Let c = s + 4. Suppose c = 3*p - 2*g, -2*g - 28 = -2*p + g. What are the prime factors of p?
11
Suppose 2*y = -0 + 4. Suppose 0 = -k + 3*m - 12, -4*m = -5*k - 3 - y. Suppose h - 10 = 2*p, -5*p + p - 22 = -k*h. What are the prime factors of h?
2
Let n = 4 + -5. Let u be (2 - 43)*n + -2. Suppose 2*d = 4*v - 36, 4*d = 5*v + 3*d - u. What are the prime factors of v?
7
Let r = 54 + -28. List the prime factors of r.
2, 13
Suppose -1 = -4*o + 19. Suppose -o*s + 28 = 5*n - 102, 0 = 3*n - 4*s - 85. List the prime factors of n.
3
Let i(t) = 5*t**2 - 2*t - 3. Let m be i(-2). Let s(j) = -7*j - 1. Let f be s(-2). Let d = m - f. List the prime factors of d.
2
Let g(c) = 2*c**2 + 14*c. Let b be g(-7). Let j(t) = 3*t + 6 - 1 - 2*t. What are the prime factors of j(b)?
5
Let i(w) = -1 + 4*w - 2*w - 6. List the prime factors of i(7).
7
Let i(k) = -7*k - 12. Let u be i(-6). Let c be ((-4)/(-1))/(5/(-270)). What are the prime factors of (-10)/3*c/u?
2, 3
Let i = 66 + -24. List the prime factors of i.
2, 3, 7
Let n = 48 - 28. What are the prime factors of n?
2, 5
Suppose 399 = t + 73. List the prime factors of t.
2, 163
Suppose 0 = 4*d - 4*v - 4, -2*d + 0 = 5*v - 2. Let t be d - (0 - -1 - 2). Suppose -t*u = 1 - 21. What are the prime factors of u?
2, 5
Let h = -10 + 12. Suppose 5*y - 49 = -h*r, 0 = 4*r + 2*y - 44 - 46. What are the prime factors of r?
2, 11
Let s(k) = 1 + 3*k + k - k. What are the prime factors of s(3)?
2, 5
Suppose -4*v + 3*v = 0. Suppose -5*k + 0*k + 75 = v. List the prime factors of k.
3, 5
Let y(x) = 9*x**3 - 2*x**2 - x + 6. What are the prime factors of y(2)?
2, 17
Suppose 543 = 13*v - 10*v - b, -3*b = 5*v - 891. List the prime factors of v.
2, 3, 5
Suppose -2*p = p. Let a = 18 + p. List the prime factors of a.
2, 3
Suppose 2*d - 3*j - 30 = 0, -2*d + 2*j = -6*d + 92. List the prime factors of d.
3, 7
Let k(z) be the second derivative of z**2 + 0 + 0*z**4 - z + 1/2*z**3 - 1/20*z**5. List the prime factors of k(-2).
2
Suppose -2*u - 37 = 2*u + 5*l, -2*u = -4*l - 14. Let z be 0*1/(1 + u). Suppose 4*o - 5*s - 59 = z, -5*o = -o - 2*s - 62. List the prime factors of o.
2
Suppose 11 = u - 70. Let w = u + -49. What are the prime factors of w?
2
Let s(m) = -7*m**2 + 13*m - 13. Let b(n) = -3*n**2 + 6*n - 6. Let z(c) = -5*b(c) + 2*s(c). Let x = 14 - 8. What are the prime factors of z(x)?
2
Suppose 37 = 3*f - 11. Suppose 2*p = -0*p + f. List the prime factors of p.
2
What are the prime factors of (645/(-12))/(3/(-12))?
5, 43
Suppose -5*y - 103 = -w + 102, -4*y - w = 173. Let n be (4/6)/((-4)/y). Suppose -3*c = -n + 1. What are the prime factors of c?
2
Suppose -3*w + 230 = d, 4*d - 182 = -2*w - 12. List the prime factors of w.
3, 5
Suppose -5*a = -43 - 87. List the prime factors of a.
2, 13
Let a(h) = h**3 - 9*h**2 + h - 7. Let z be a(9). Suppose -z*k - 2*s = -24, 8*k - 3*k = s + 36. List the prime factors of k.
2
Suppose a - 1 + 4 = 0. Let v = a + 4. List the prime factors of (1/(-2))/(v/(-10)).
5
Let x = -8 - -23. Suppose -3*r + 0*u = 3*u - 9, 3*u = -x. What are the prime factors of r?
2
Let i = -26 - -9. Let o = 25 + i. List the prime factors of o.
2
Let m(b) = -2*b + 16. Let i be m(-12). Let a = 58 - i. What are the prime factors of a?
2, 3
Suppose 3*s + 4*p + 865 = 8*s, -s + 3*p = -173. List the prime factors of s.
173
Suppose 0 = -p + t + 162, 2*t + 798 = 5*p - 0*t. List the prime factors of p.
2, 79
Suppose 0 - 12 = -3*n. Suppose 0*m = n*m - 96. What are the prime factors of (-58)/(-8) - 6/m?
7
Let w = 140 + -83. Suppose 5 = k + q - 4, -2*q = 5*k - w. What are the prime factors of k?
13
Let v = -51 - -284. List the prime factors of v.
233
Let f(z) = -7*z - z**3 - 3*z**2 - 2 - 3*z**2 - 1. What are the prime factors of f(-5)?
7
Let z(b) = -7*b + b**2 + 14*b + 3 - 4*b. What are the prime factors of z(-5)?
13
Let b be 1*(5 + -1) + -8. What are the prime factors of (-102)/b + 1/(-2)?
5
Suppose -3*b = 3*x - 84, -4*x = b + x - 20